the remainder when 31 is divided by h(-7).
4
Suppose -n = -r + n + 3, 0 = 5*r - 2*n - 55. Calculate the remainder when (1 - 76)/(-3)*1 is divided by r.
12
Suppose -4*r + 41 = -31. Let l = r - 13. Suppose 50 = 5*v - 5*j, l*v - 25 = v + j. Calculate the remainder when 18 is divided by v.
3
Let w(a) = 7 + 2*a**3 + 1 - a**3 - 1 + 8*a**2 + 4*a. Suppose 1 - 6 = q. What is the remainder when w(q) is divided by 21?
20
Let q(w) = w**2 + 4*w + 6. Calculate the remainder when q(-8) is divided by 10.
8
Suppose -a + 31 = 3*x, -a = a + 5*x - 58. Suppose -178 = -2*j - 4*n, -3*n = 2 + 4. Calculate the remainder when j is divided by a.
17
Let k(a) = -a**2 + 11*a - 4. Let l be k(5). Let d be l + (-3)/9*0. Let n = 45 - d. Calculate the remainder when 55 is divided by n.
17
What is the remainder when 13 is divided by 0 + (-1 + -3)/(-1)?
1
Let t be ((-6)/10)/((-1)/10). Suppose g = t*g - 65. Calculate the remainder when 51 is divided by g.
12
Let m be -1 + 6 - (-2 + 3). Calculate the remainder when (-445)/(-20) + (-1)/m is divided by 8.
6
Calculate the remainder when (-3)/((-4)/20*1) is divided by 4.
3
Let g(v) = -v + 16. Let c be g(11). Let o = 9 - c. What is the remainder when 14 is divided by o?
2
Let v = 17 + -10. Suppose -v*b + 216 = -3*b. Calculate the remainder when b is divided by 14.
12
Suppose -17 = -y + i, -5*y + 4*y + 4*i + 23 = 0. What is the remainder when y is divided by 7?
1
Let q = 14 - 9. Let w be ((-2)/6 + 0)*-3. Suppose d - q = -4*v + 2, d = 4*v - w. What is the remainder when v is divided by 1?
0
Let k(a) = 2*a - 4. Let b be k(4). Suppose 0*n = -b*n + 8. Let c(l) = 5*l. Calculate the remainder when c(n) is divided by 6.
4
Let m = -170 - -253. What is the remainder when m is divided by 21?
20
Let a be (-1)/3 - (-222)/18. Suppose 3*c - 42 = -a. Calculate the remainder when 18 is divided by c.
8
Let s be ((-28)/(-21))/((-1)/(-30)). Suppose 4*n = 120 + s. Suppose -5*q + 2*q - 5*j = -22, -2*q - j = -24. What is the remainder when n is divided by q?
12
Suppose -4*p = 8, -5*i - 2*p = -7*p - 45. Let y = -3 + i. Calculate the remainder when 10 is divided by y.
2
Suppose -6*f + 53 = -109. Calculate the remainder when f is divided by 6.
3
Let g = -6 + 40. What is the remainder when g is divided by 9?
7
Let s be (0*(2 + -1))/1. Let j = 0 + s. Suppose 5*m + p - 135 = j, -27 = m - 2*m - 5*p. Calculate the remainder when m is divided by 14.
13
Let r = 103 + -146. Let o = -27 - r. What is the remainder when 31 is divided by o?
15
Suppose 151 = 5*c + 1. Calculate the remainder when 59 is divided by c.
29
Let z(g) = g**2 - 19*g + 5. Let k be 1 + (-17)/(-1)*-4. Calculate the remainder when 2/(-5) + k/(-5) is divided by z(19).
3
Suppose 2*b - 93 = 3*y, -3*b + 102 = y + 2*y. Suppose 0 = 3*i - l - b, 2*i + 2*l - 31 - 3 = 0. Calculate the remainder when 3 + 0 - (4 + -27) is divided by i.
12
Let x be -3*(1 + (-12)/9). Let o(w) = -9*w + 1. Let f be o(-1). Let u = f + x. Calculate the remainder when u is divided by 6.
5
Suppose 2*h - 4*h + 432 = 0. Suppose 3*o = -3*q + h, -q + o = 8 - 74. What is the remainder when q is divided by 35?
34
Suppose 4*d - 33 = 23. Let t = d + -9. Calculate the remainder when 7 is divided by t.
2
What is the remainder when 1680/32 - (-1)/(-2) is divided by 9?
7
Suppose 4*y + y + 4*f - 10 = 0, f = 5. Let a be y + -2 + 3 + 1. Suppose -4*d + b = -60, a = 2*d + 4*b - 56 + 8. Calculate the remainder when 46 is divided by d.
14
Let t(h) = -1 + h - 4*h - 1. What is the remainder when 7 is divided by t(-2)?
3
Suppose -4*r - r = -15. Let j = r + 0. Let d(o) = -o**2 + 5*o - 4. What is the remainder when 4 is divided by d(j)?
0
Suppose -n = -4*n - 24. Suppose 0 = -2*p - 2*j + 14, 4*p - 3*j + 2*j = 43. Calculate the remainder when ((-38)/n)/(1/4) is divided by p.
9
Let a be 4/18 + (-10)/45. Suppose a = -t - 2*t - 5*s + 34, -t - 5*s + 8 = 0. What is the remainder when 37 is divided by t?
11
Let x = -1 - -3. Suppose -4 = -i + x*i. Calculate the remainder when i/(-14) + (-225)/(-21) is divided by 4.
3
Suppose 2*s = -3*c + 23, -20 = 3*c - 7*c. Let h(w) = w**3 - 5*w**2 - 7*w + 9. Let v be h(6). Suppose v = d + 1. Calculate the remainder when s is divided by d.
0
Let b(i) = 2*i**2 - 8*i + 11. Calculate the remainder when b(5) is divided by 8.
5
Suppose -3 = j - 27. Suppose 0*z = z - 5*u - 6, -4*u + j = 4*z. Calculate the remainder when z is divided by 4.
2
Let d be 3/(-15) - (-19)/(-5). Let a(j) = 3*j**2 + 2*j - 1. Let s be a(d). Calculate the remainder when 1632/s - 2/(-13) is divided by 22.
20
Suppose 4*p - 244 = -2*r, r - 2 = -0*r. Calculate the remainder when p is divided by 16.
12
Let m = 12 - 9. Suppose -2*n = -m*g + 29, 3*n + 12 + 15 = 3*g. What is the remainder when g is divided by 7?
4
Let l = 7 + 10. Let a = l - -1. Calculate the remainder when a is divided by 10 - (-2 + 2/1).
8
Let s = -5 - -12. Let u be 3/((-3)/(-14)) - -2. Suppose 0*g - 4 = 3*g - 4*r, -3*r = g - u. Calculate the remainder when s is divided by g.
3
Let w(h) = 2*h**3 - 2*h**2 + 2*h - 3. Let i(u) = -u**2 - 5*u + 2. Let g be i(-5). Calculate the remainder when w(g) is divided by 4.
1
Let b = 5 - 4. Let s(i) = 3*i**2 - i + 1. Let g be s(b). Suppose -3*c + 3 = -z - 3, -36 = -4*z - g*c. Calculate the remainder when z is divided by 4.
2
Suppose 4*c = -c + 10. Calculate the remainder when c is divided by 1.
0
Let i(r) = -2*r**3 + 3*r**2 + 2*r + 3. Calculate the remainder when 105 is divided by i(-2).
24
Let s(g) = g**3 + 7*g**2 - 3*g - 8. What is the remainder when (-222)/15*(-10)/4 is divided by s(-7)?
11
Let b(y) = 11 - y - y**2 - 11. Let f be b(-2). What is the remainder when (f + (-58)/(-6))*3 is divided by 12?
11
What is the remainder when 3*38*(-2)/(-3) is divided by 39?
37
Let o(n) = -4*n - 19. Calculate the remainder when 9 is divided by o(-6).
4
Let t = -4 + 7. Suppose 0*o + 12 = o - a, -t*o + a = -26. Let y(m) = m**2 - 5. Calculate the remainder when y(5) is divided by o.
6
Let g(l) = l**2 - 10*l - 22. What is the remainder when 48 is divided by g(13)?
14
Let n be 6/6 + 1*-3. Calculate the remainder when (-1)/(n/60) - -1 is divided by 16.
15
What is the remainder when 49 is divided by 11/((-165)/(-200)) - (-1)/(-3)?
10
Suppose 3*i - 37 = -z, -2*z + 0*i + 54 = i. Calculate the remainder when 49 is divided by z.
24
Let j = -63 + 131. Calculate the remainder when j is divided by (1/3)/((-1)/(-69)).
22
Let r(l) be the third derivative of -l**6/120 + l**5/30 - l**3/6 - l**2. Let g be r(1). Suppose o - 6 - 1 = g. Calculate the remainder when o is divided by 4.
3
Let w(q) = q**3 + 6*q**2 - 10*q - 2. Let z(t) = -t**2 - 6*t + 9. Let m be z(-8). Calculate the remainder when 34 is divided by w(m).
15
Suppose -1 - 1 = -a. Suppose -111 = -5*n - 2*r, -2*n - a*r + r + 45 = 0. Let d = 8 - -32. What is the remainder when d is divided by n?
19
What is the remainder when 50 is divided by (-71)/(-4) + (3 - 11/4)?
14
Suppose -2*s + 2 + 4 = 0. What is the remainder when 26 is divided by 2/s*(-84)/(-8)?
5
Let k(j) = -j**3 - 1. Let r be k(-1). Suppose r = -3*a + 24 - 6. Let z = 1 + a. Calculate the remainder when 19 is divided by z.
5
Let f(d) = 2*d - 9. Let c be f(8). Suppose -s = -5, 3*o + 2*s - 32 = -c. Calculate the remainder when o is divided by 2.
1
Let d(r) = -r**3 - 2*r**2 + 9*r - 6. Let f = 257 + -163. What is the remainder when f is divided by d(-5)?
22
Let u = -99 + 27. Let m be u/10 + 5/25. Let a = m + 20. Calculate the remainder when 25 is divided by a.
12
Let w = 11 - 8. What is the remainder when 11 is divided by w?
2
Calculate the remainder when (-144)/(-21)*2 - (-6)/21 is divided by 4.
2
Let o(k) = -k**3 - k + 2. Let i be o(-2). Suppose -t = -5*x - 12 + 38, -i = -2*x + 2*t. Suppose -x*y - 10 = -185. What is the remainder when y is divided by 12?
11
Let i = -11 - -3. Let m(z) = -z**2 - 10*z - 5. What is the remainder when m(i) is divided by 3?
2
Suppose 13*j + 99 = 2881. What is the remainder when j is divided by 43?
42
Let k = 3 - -8. Calculate the remainder when k is divided by 6.
5
Let u(m) = m**3 - 11*m**2 - 12*m + 7. Let r be u(12). What is the remainder when (r - 4) + (25 - -1) is divided by 10?
9
Let v(w) = 8*w + 11. Let a be v(8). Suppose z = a - 21. What is the remainder when z is divided by 14?
12
What is the remainder when 18 is divided by 0 + 0 - (-8)/2?
2
Let i(l) = -l